/((-5)/c). Suppose -12 = -5*t + w*t. Calculate the highest common factor of t and 28.
4
Suppose -764 = -c - 3*f, -169*c + 2316 = -166*c - 3*f. Calculate the greatest common divisor of c and 1386.
154
Let f be ((-43806)/2235)/(1/(-1860)). What is the greatest common divisor of f and 31?
31
Let v be 5 - (-2)/((-4)/6). Let d be (10 - (5 - -3)/v)*16. What is the greatest common divisor of d and 1056?
96
Let q be (-1 - -325)*16093/308. What is the highest common factor of q and 38?
19
Let a be -4*((-88)/(-16) - 12). Suppose -52 = -0*d - 2*d. Calculate the greatest common factor of a and d.
26
Let k be 14/10 - (-2)/(-5). Let p be (k/3)/(2/6). Let t(g) = -2*g**2 - 166*g + 1867. Let h be t(10). Calculate the greatest common factor of p and h.
1
Let s be 0*2/(-8)*2. Suppose 6*n + 324 = -s*n. Let l = 66 + n. What is the greatest common divisor of l and 132?
12
Suppose 0 = -0*l - 14*l + 504. What is the highest common factor of 1017 and l?
9
Suppose 49*k - 53*k = -2664. Suppose -k = -5*z - 13*z. What is the highest common divisor of 111 and z?
37
Let g be (5 - 13)*(-490)/28. Calculate the greatest common factor of g and 80.
20
Let y(l) = 3*l + 62. Let m be y(-21). Let j be (0 - m*(4 + -3)) + -50. Let k = j + 51. What is the highest common divisor of k and 3?
1
Let c = -547 - -548. Let g be (-188)/(-94)*c/(-2)*-221. Calculate the highest common factor of 34 and g.
17
Suppose -29 = -i + l, -l - 3*l - 90 = -3*i. Let r = i + -64. Let t = -23 - r. What is the greatest common factor of t and 105?
15
Suppose 4*x - 68 - 48 = -4*y, 3*y - x - 75 = 0. Let q = 31 - y. Suppose q = a - 0, -4*a + 229 = l. What is the highest common divisor of l and 11?
11
Let k(z) = 2*z**2 + 50*z + 553. Let w be k(-33). What is the greatest common factor of w and 752?
47
Let s(w) = 8*w**2 + 8*w + 7. Let k be s(-6). Let o = -102871 + 102884. What is the greatest common factor of o and k?
13
Let f = 53 - 46. Suppose 7*i + 0*i = f. Suppose -i - 3 = -4*z. What is the greatest common factor of 16 and z?
1
Suppose -4*y - 56 = -6*y. Suppose 3*o = -5*j + 146, -5*o - 93*j + 218 = -91*j. Calculate the highest common factor of o and y.
14
Let i = -1 + 6. Suppose -7*g = -i*g - 88. Let m(u) = -u**3 + 5*u**2 + 17*u - 17. Let p be m(7). What is the highest common factor of g and p?
4
Let b = 6710 + -6652. Let g(m) = 11*m**3 - 2*m**2 + 5*m - 4. Let d be g(3). Calculate the highest common factor of b and d.
58
Let k = 3163 + 967. Calculate the greatest common divisor of 154 and k.
14
Suppose -5*i + 451 + 133 = n, -4*i = 5*n - 2836. Suppose 0 = -9*h + 975 + n. What is the greatest common divisor of h and 114?
57
Suppose 0 = -12*p + 2170 - 2062. What is the highest common factor of p and 657?
9
Let s be 0*(-1)/5*-5. Suppose s = 10*n - n - 36. Suppose n*k - 189 = k. Calculate the greatest common divisor of 21 and k.
21
Suppose -4*y = -2*g + 5*g - 5, 3*g + 2*y - 7 = 0. Suppose -3*w = 5*m - 84 + 27, -g*m + 35 = 2*w. What is the highest common factor of m and 9?
9
Let m = -15596 - -15914. What is the highest common divisor of 32 and m?
2
Let a(s) = s**3 + 50*s**2 + 86*s - 206. Let o be a(-48). Calculate the highest common divisor of o and 12193.
137
Suppose -2*x - a + 36 = 3*a, -3*a = 3*x - 57. Let r = -75 - -83. Let s be 2/(-3)*3 - (r + -35). Calculate the greatest common factor of s and x.
5
Suppose -2323 - 2352 = -25*j. Calculate the greatest common factor of 34 and j.
17
Let r be (6 - 3)/((-3)/2642). Suppose -9*a + 12 - 39 = 0. Let b be (a/3)/5 - r/10. Calculate the highest common divisor of b and 24.
24
Let a(h) = 8*h**3 - 21*h**2 + 29*h - 33. Let w be a(12). Calculate the greatest common divisor of 30 and w.
15
Let c be 4/(-2)*375672/(-264). Calculate the highest common factor of c and 2.
2
Let g be (8 + -5 + -9)*(-2 - -1). Suppose -g*c + 155 = -265. Calculate the highest common divisor of c and 40.
10
Let y be (-3)/1*418/(-6). Suppose 5*c = -5*b - 170, 3*b - 2*b = -3*c - 40. Let f = 50 + b. Calculate the highest common factor of y and f.
19
Let y be (2916/(-1620))/((-1)/65). What is the highest common factor of 135 and y?
9
Let x = 853 - 505. Let a be 12/66 - x/(-22). Suppose 130*v = -4336 + 8378 + 4278. What is the highest common divisor of v and a?
16
Let w = 2555 - 2451. Let y(i) = -14*i - 17. Let s be y(-4). What is the highest common factor of s and w?
13
Let h be (-2432)/(-133) + -18 - (221668/14)/(-2). Calculate the highest common divisor of 87 and h.
87
Suppose -5*w + 55 = 2*x, -5*x + 4 = 4*w - 142. What is the greatest common divisor of 9 and x?
3
Let c(a) = -71*a**3 - 47*a**2 - 168*a - 5. Let u be c(-4). What is the greatest common divisor of 26 and u?
13
Suppose -3*o + 4*o + 3*z - 134 = 0, 0 = o - 4*z - 99. Let b = -99 + o. What is the highest common factor of 30 and b?
10
Let g(o) = 7573*o**2 + 35*o + 34. Let z be g(-1). What is the greatest common factor of 24 and z?
12
Let f(h) = -h**3 + 14*h**2 + 29*h + 14. Let n be f(14). What is the highest common divisor of n and 21?
21
Let q(u) = u**2 + 2*u + 6. Let w = -18 - -18. Let d be q(w). Suppose 78 = d*m - 0. Calculate the highest common factor of m and 26.
13
Let w = -79 - -25. Let a = w + 58. Let t(u) = 6*u**2 - 12*u + 1. Let j be t(a). What is the highest common factor of 7 and j?
7
Suppose -5*c + 1314 = 4*s - 700, 0 = 3*s - 2*c - 1430. Let i(g) = 2*g**2 - 7*g - 6. Let a be i(-4). Calculate the greatest common factor of a and s.
54
Let u = -77 - -122. Suppose 518*x = 359*x + 21465. What is the greatest common factor of u and x?
45
Let v be ((-79777)/2)/(105/(-30)) - (-4)/14. Calculate the greatest common divisor of v and 524.
131
Let c(d) = -d**3 - 77*d**2 - 88*d + 15. Let n be c(-76). What is the greatest common divisor of 45 and n?
9
Let q(a) = a**3 + 23*a**2 + 18*a - 5. Let g be q(-22). Let d = g + 280. Let o be (12 + -1)*-1*-3. What is the greatest common factor of d and o?
33
Let x(g) = 16*g**3 - 12*g**2 + 16*g + 10. Let l be x(7). Suppose 9*h - 27*h = -l. What is the highest common divisor of h and 31?
31
Suppose -5*t - 282*o = -277*o - 65, -2*t = -3*o - 21. Calculate the greatest common divisor of t and 112.
4
Let m be (-13)/13 - (-438)/(-2). Let b = m - -227. Let z be 2 - 3/((-3)/19). What is the greatest common divisor of z and b?
7
Suppose -26*c = -282*c + 2291200. Calculate the highest common divisor of c and 20.
10
Suppose 0 = -4*s + 5*k + 1169 + 605, -3*k + 854 = 2*s. What is the greatest common divisor of 763 and s?
109
Let g = 883 - 614. Let x = g + 35. Suppose 158 = 4*b + k, -2*b + 20*k - 17*k = -58. What is the highest common factor of b and x?
38
Let a(d) = -15*d + 27. Let i(h) = 15*h - 29. Let s(t) = 5*a(t) + 4*i(t). Let l be s(-20). What is the greatest common divisor of 22 and l?
11
Let u be (-4)/6 + 728/12. Let g = 130 + 50. What is the highest common divisor of g and u?
60
Suppose 13*c + 8147 - 9773 = 13584. What is the highest common divisor of c and 50?
10
Let x(b) = -2*b**2 - 9*b + 36. Let p be x(-6). Let t = p + 63. What is the greatest common divisor of 18 and t?
9
Suppose 420 = 3*f + 12*f. Suppose f*j = 63*j - 12285. Calculate the greatest common factor of j and 27.
27
Let m be (274/(-411))/((-2)/1110 - 0). Calculate the highest common factor of 148 and m.
74
Let z(n) = 22*n - 131. Let u be z(6). Let b be (u*-4 - -1) + -24 + 51. Calculate the highest common divisor of b and 1536.
24
Suppose -2*k = y - 63 - 85, 4*k - 5*y = 268. Let l be (-578)/(-6) + (-45)/135. Calculate the highest common divisor of l and k.
24
Suppose 1383 = 5*l - 1777. Let g be l/14*(-14)/(-4). Let p be 10/(-5)*(g/(-4) - 1). Calculate the highest common divisor of p and 27.
27
Let q be 7 + (8/14 - (153/(-63) - 20)). Calculate the greatest common factor of q and 18930.
30
Let r be (26*2)/(3/(-2*27/(-36))). Let n = 90 - 8. Suppose -p = -100 - n. What is the highest common factor of r and p?
26
Suppose -184 = -q + 29. Let d = q + -138. Suppose -4*j = -3*n + 53, -38 + 33 = -n - 5*j. What is the greatest common divisor of n and d?
15
Let z = 22908 - 22868. What is the greatest common factor of z and 1090?
10
Let q be (-28)/(2775/(-9450) - (-1)/14). Calculate the greatest common factor of 105 and q.
21
Let m = 8855 + -8852. Let k be ((-45)/(-5))/((-1)/(-16)). What is the highest common factor of k and m?
3
Let o be 28 - ((-19)/(152/48) - -2).